a composite number?
False
Suppose -5*j + 3*p - 15 = 12, j - 5*p + 1 = 0. Let d(a) = a**2 + 0*a**2 - 3*a**2 - 3*a - 7*a**3 + 13. Is d(j) composite?
False
Is ((132/12)/11)/((-1)/(-232745)) prime?
False
Let k(j) = j**3 - 13*j**2 + 10*j + 29. Let o be k(12). Suppose 0 = 4*x + 3*b - 40868, 53730 - 2648 = o*x + 3*b. Is x composite?
True
Let o(q) be the third derivative of q**5/60 - 5*q**4/24 - q**3/2 - 36*q**2. Let n be o(9). Is (-33)/(-3)*(n - -4) a prime number?
False
Let b = -8232 - -727. Let z = b + 14814. Is z composite?
False
Let d(y) = -11*y**2 - 13 + 12*y + 3 + 5*y - 3*y**3 - 2*y**3. Let o(n) = -3*n**3 - 6*n**2 + 9*n - 5. Let f(r) = -4*d(r) + 7*o(r). Is f(-6) a composite number?
True
Let i(n) = -n**3 + 2*n**2 - 2*n + 4. Let s be i(4). Suppose 112*p - 119*p = 9429. Is p*6/s*2 prime?
True
Suppose 0 = -5*c + 7*c - 4. Suppose 2*i = 4, c*p - 2584 = -3*i - 424. Suppose 5*y = 4*y + p. Is y a prime number?
False
Let u(d) be the first derivative of -813*d**2/2 + 2*d - 116. Is u(-15) prime?
True
Let u(t) = -15350*t**3 - t**2 - 14*t - 15. Is u(-2) a composite number?
True
Let a(f) = 45*f**3 - 5*f**2 + 20*f - 6. Let x be a(6). Suppose -4*h + 14833 - 1920 = 7*u, -3*h = -5*u - x. Is h a composite number?
True
Suppose -2*j + 73*l = 72*l - 443002, -2*j - 3*l + 443018 = 0. Is j composite?
True
Let n be 11/(-22) - 5407/(-2). Let s = n - 1430. Suppose 5*i + 4*k = s, -58 = i + k - 312. Is i composite?
False
Let p(u) = -4*u**3 - 4*u**2 - 4*u + 2. Let b be p(7). Is b/(-30) - (-3)/(225/(-10)) a composite number?
False
Let o(f) = -3*f + 29. Suppose 4*k = -2*k + 54. Let r be o(k). Suppose r*t + t - 573 = 0. Is t prime?
True
Let g be 25/(-225) + 26*(-14)/(-36). Is g + 2809 - 0/(-1) prime?
True
Suppose -2*w - 10 = 0, 0 = 5*z + 3*w - 1390803 + 22133. Is z prime?
False
Let d(l) = -27746*l - 6115. Is d(-7) a prime number?
True
Is (-51 + 3598985/(-51))/(1 - 5/3) a prime number?
True
Let m(v) = -1605*v**3 + v**2 - 3. Suppose 456*d = 461*d + 10. Is m(d) a prime number?
True
Suppose 8*z = -17108 - 26908. Let m = z - -8773. Is m a composite number?
False
Let u = -52 - -53. Suppose 0 = -5*b + 11 - u. Is 11*b*((-85)/(-2) + -3) a prime number?
False
Suppose -5*u + 1990 - 2020 = 0, 2*c = 4*u + 950678. Is c a composite number?
False
Suppose 2*t + 121 - 125 = 0. Let a be 1 + t/4*(5 - 7). Is 2 + (a - 42)/((-4)/50) a composite number?
True
Let t = 360900 + -191501. Is t composite?
False
Let h = -23318 - 1218. Let w = h + 35799. Suppose 7308 = 7*q - w. Is q prime?
False
Suppose -4*o = 3*z - 1638, 1234 = 3*o - 0*z + 5*z. Let p = 125 - -120. Let u = o - p. Is u a composite number?
False
Let x = -736 - -748. Suppose y - 66001 = -x*y. Is y a composite number?
False
Let w(z) = -z**3 + 9*z**2 - z - 1. Let g be w(0). Let x(f) = 3565*f**2 - 3*f + 1. Is x(g) composite?
True
Let w be (13/52)/((-78)/40 + 2). Suppose 1004 + 2206 = w*p. Suppose p = s - 1639. Is s a prime number?
True
Let o(w) = w**3 - 7*w**2 + 10*w - 24. Let x be o(6). Suppose -4*v - 3*s = 2*s - 2063, -v + 4*s + 521 = x. Is v prime?
False
Let j(p) be the third derivative of p**6/120 + 43*p**5/60 + 23*p**4/24 + 35*p**3/6 - 5*p**2 - 6*p. Is j(-24) prime?
True
Let w(h) = -8*h - 12. Let g(b) = -17*b - 22. Suppose 0 = 2*k - 3*l - 4, 4*k + 4*l - 9*l - 10 = 0. Let y(c) = k*w(c) - 3*g(c). Is y(11) prime?
True
Let p(j) = -j**3 + 10*j**2 - 10*j. Let v be p(9). Let q = v + -63. Is (7450/q + 8/36)*-4 a composite number?
True
Let a be -3*(-4)/(-78) + 102/(-13). Is (-2 + 11094)*(-2)/a a prime number?
False
Let a(r) = 47*r + 121. Let g be a(16). Let x(f) = -332*f**2 + f - 1. Let p be x(1). Let o = g + p. Is o a composite number?
False
Let d = 1334 - 2246. Let n = d + 2929. Is n composite?
False
Suppose -9 = -y - 13. Let r be (1506/(-9))/((-5)/(-11 + y)). Let b = 741 + r. Is b a prime number?
True
Let w be (25/3 - -7) + (-4)/(-6). Suppose 11*o - s + 15100 = w*o, -3*o = 4*s - 9077. Is o a prime number?
True
Let q = -79 - -75. Is -508*((-6)/2 + (-11)/q) a composite number?
False
Let f(w) = 4*w - 4. Let m be f(-7). Let t be (-6 + m/(-6))/((-4)/6). Is t*(-8097)/(-13) + 2/13 prime?
False
Suppose -3458*c + 3482*c = 1635432. Is c prime?
False
Let g(u) = 9539*u - 1779. Is g(128) a composite number?
False
Let p be (5/4)/(12/48). Suppose 2*i + 4 = 3*z, -6*z + 5*z + 24 = 5*i. Suppose -p*l = 3*b - 936, 0*b + 2*b + i*l = 626. Is b a composite number?
False
Let w = 5 - 1. Suppose -m + 2575 = 3*a, 8*a - 3420 = w*a + 2*m. Is 3 - (12/(-4) + a)*-2 a prime number?
False
Suppose z - 6 = 2*s, -4*s - 4*z = -5*s + 4. Let n be ((-9306)/s)/(-11)*-4. Suppose -2720 = -4*m + 2*g, -n - 1878 = -4*m + 4*g. Is m a prime number?
False
Let d = 1560 + -427. Suppose -310 - 492 = k. Let v = k + d. Is v composite?
False
Let j(l) = -32*l - 85. Let w be (2/6 - 2/(-3))*-11. Is j(w) prime?
False
Suppose -58*w = -16743670 + 4348316. Is w composite?
False
Suppose 10*b - 10248608 = -7*b - 533601. Is b a composite number?
False
Let a(h) = 4*h**2 - 4*h + 19. Let v(z) = 2*z**2 + 14 + 10*z**2 - 18*z**2 + 7*z**2 - 5*z. Let s be v(4). Is a(s) a composite number?
False
Let k = 2 + -3. Let r be (k - (-436)/(-5))/((-42)/140). Suppose 200 = y - 3*o, -3*y - 4*o - r + 855 = 0. Is y a composite number?
False
Let h = -351 + 1026. Suppose 181 = 4*u - h. Is u composite?
True
Let p(w) be the first derivative of 215*w**3/2 + 7*w**2 - 13*w + 19. Let r(h) be the first derivative of p(h). Is r(3) prime?
True
Let t = 0 - 1. Let c(j) = -21*j**3 - 52*j**3 + 2 + 38*j**3 + j - 85*j**3. Is c(t) prime?
False
Let h(g) = -12*g**2 - 6*g + 22091. Is h(0) a prime number?
True
Let n(k) = 344419*k - 2. Is n(1) a composite number?
False
Let y(p) = -p**3 + 7*p**2 - 5*p - 2. Let t be y(6). Suppose b - d = t*b - 551, 4*b - 736 = -d. Is b prime?
False
Let r be -2 + -3 + 4 + -3 - -6. Suppose -r*c + 1358 = 3*m + 3*c, 5*m + 4*c = 2246. Let d = 745 - m. Is d a prime number?
False
Let p be ((-12)/(-8))/(3/(-16)). Let d be (-52198)/p + 9/36. Suppose 1104 = 3*x - d. Is x a composite number?
False
Let p(b) = -23373*b - 1159. Is p(-4) a prime number?
True
Suppose 287*x - 291*x + 2*v + 252786 = 0, 2 = 2*v. Is x prime?
True
Suppose -42*l = c - 37*l - 161581, 3*c + 4*l = 484765. Is c a prime number?
True
Suppose -5*c - 2*m = 116335, 2*c = -49*m + 52*m - 46515. Let u = c - -40238. Is u prime?
False
Let c(l) be the first derivative of -335*l**2 + 36*l - 54. Is c(-5) a composite number?
True
Suppose -3*b + 12 = 0, 0 = -2*d + 2*b + 34446 + 171368. Is d a composite number?
False
Suppose 54307 = -469*z + 480*z. Is z composite?
False
Let b(t) = 7*t - 42. Let l = -122 - -127. Let c be b(l). Let a(x) = 48*x**2 + 8*x + 6. Is a(c) composite?
True
Let f(z) = 615630*z - 7081. Is f(9) prime?
True
Let g = 144333 + -32756. Is g composite?
False
Suppose -5*l - 2*r = -489705, 0 = -270*l + 265*l - 5*r + 489720. Is l composite?
True
Suppose -8 = -30*f + 28*f. Is f*(-3)/42 + (-481155)/(-35) prime?
False
Suppose 1303585 = 3972*f - 3967*f. Is f prime?
True
Is 255632/6 + (6/2 - 980/294) a prime number?
False
Let j = 109490 + 1983. Is j prime?
False
Let o(s) = s**3 - 13*s**2 - 13*s - 13. Let m be o(14). Let y be (m + 1)/((-3)/(-6)). Suppose -y*g + 1658 = -2586. Is g a composite number?
False
Suppose i + 674 = k, -3*k + 5*i + 1725 = -305. Let a = 2069 - k. Is a composite?
False
Let i(h) = 2*h**3 - 12*h**2 - 3*h + 3513. Let l(z) = z**3 - 7*z**2 - z + 1756. Let c(r) = 3*i(r) - 5*l(r). Is c(0) a composite number?
False
Let g = -3030 + 2021. Let o be (-9)/((-18)/(-8)) + g. Let i = o + 1810. Is i prime?
True
Suppose 3*j - 2*i - 396039 = 0, 3*i = 403*j - 406*j + 396069. Is j a prime number?
False
Let d(c) be the third derivative of -109*c**4/12 + 37*c**3/6 + 22*c**2. Let w be d(-8). Let m = w + -670. Is m a prime number?
False
Suppose -2*k = 8*k - 15900. Let i = 3197 - k. Suppose -4*s + 0*h - 4*h = -1300, -5*s + 4*h = -i. Is s prime?
False
Let u(s) = 11*s**2 + 5*s - 181. Is u(-12) a composite number?
True
Suppose 3*i = 2*u + 548282, -30*i = -29*i + 2*u - 182766. Is i prime?
False
Let r = 16892 + -9165. Is r a composite number?
False
Let g(o) = 5*o**3 - 2*o**2 - o + 5. Let z be g(-5). Let t = -24272 + 25254. Let y = t + z. Is y composite?
False
Suppose 5 = 5*h - h - 3*d, -3*h = d - 20. Suppose -k - 34442 = -5*j, h*j + 23*k - 18*k = 34460. Is j prime?
False
Let n be (5/